 1 - 1. What is r(5)?
2
Let o(l) = -l + 2. Let h(c) = 2*c**3 + 3*c**2 + c. Let b be h(-2). Calculate o(b).
8
Let u(f) = f**2 + 7*f - 10. Let r = 18 + -26. Let d be u(r). Let g = d + 3. Let q(v) = 3*v - 1. Calculate q(g).
2
Let d(b) = -8*b**3 - 2*b**2 - 2*b - 1. Let z(j) = j**3 + 10*j**2 + 11*j + 17. Let g be z(-9). What is d(g)?
7
Let w = 2 + -7. Let a(o) = -o - 4. Calculate a(w).
1
Let n be (-4)/((-12)/(-21)) - -2. Let x(l) = l**2 + 4*l + 3. Determine x(n).
8
Let v(c) = -c + 0*c + 2*c - 5. What is v(5)?
0
Let i(o) = -o**2 + 7*o - o**2 - o**2 + 4*o**2. Let h(p) = p**2 + 3*p. Let s(m) = 9*h(m) - 4*i(m). Calculate s(1).
4
Let b(d) = 2*d**2 - 2*d - 2. Let h(i) = 2*i + 2. Let y be h(-6). Let r be 8/(-20) - 24/y. Let p(t) = t**3 - t**2 - 2*t + 3. Let n be p(r). Give b(n).
10
Suppose -3*q + 8 + 10 = 0. Suppose -8 = y - 4. Let v(o) = -2*o**2 + 19*o - 3. Let m(f) = f**2 - 10*f + 1. Let x(u) = y*v(u) - 7*m(u). Calculate x(q).
5
Let m(k) = k + 3 + 0*k**2 + 0*k**2 + 4*k**2 - 5*k**2. Calculate m(3).
-3
Let v(h) = -5*h + 3*h**2 - h**3 - 3*h**2 + 6*h**2 - 1 - 3. Let t = 10 - 5. Determine v(t).
-4
Suppose 0*s = s - 4. Let v(k) = -1. Let w(u) = u**2 - 2*u + 8. Let d(o) = 6*v(o) + w(o). Determine d(s).
10
Let c(a) = -a. Let j(v) be the first derivative of -v**3/3 - v**2 - v + 6. Let k(w) = -5*c(w) - j(w). Let f = -10 + 4. Give k(f).
-5
Let a(k) = k**3 - 4*k**2 + 2*k - 1. Let v(y) = -y**3 - 6*y**2 - y - 3. Let o be v(-6). Calculate a(o).
-4
Let k(h) = h + 7. Suppose b - 2*j - 3 = 0, -2*b = 3*b + 2*j - 15. Let f = 3 - b. What is k(f)?
7
Let j(o) = -o - 3. Let u(x) = x + 9. Let k be u(-5). Let v(b) = 2*b - 4. Let w be v(k). Determine j(w).
-7
Let n = 168 - 162. Suppose 0 - 6 = -3*m. Let l(z) = -8 + 0*z**2 + 2*z - 8*z + z**m. Calculate l(n).
-8
Let o(j) = -j - 5. Let k be 1/((1 + 0)/(-3)). Let y(w) be the first derivative of w**4/4 + w**3/3 - 3*w**2/2 + 3*w + 6. Let t be y(k). What is o(t)?
1
Suppose -n = 2*n - 12. Let c(l) be the first derivative of -l**4/4 + 5*l**3/3 - l**2 - 3*l - 1. Let f be c(n). Let q(j) = j - 12. Calculate q(f).
-7
Let l(f) = -f**3 - 2*f**2 + 2*f + 2. Suppose -2*s + s = 0. Let v = 1 - 0. Let z be -2 + -1 + v - s. What is l(z)?
-2
Let c(v) = 4 - 6*v + 9*v - 5*v + 5. What is c(6)?
-3
Let r(j) = j**2 + 4*j + 3. Let u be r(-5). Let h = 2 - u. Let a(y) = -y**2 - 4*y + 6. Give a(h).
-6
Let z = -8 + 10. Let f(k) = -k**z + 2*k + 2*k**2 - 1 - 2*k**2. Let d(l) = -l + 5. Let c be d(4). What is f(c)?
0
Let p be (6 - 2) + (0 - 2). Let r = 1 + 1. Let i(d) = r + 0 + d - p*d. Determine i(-3).
5
Let g = 11 - 7. Let j(t) = -g*t**2 + 8*t - 3 + 0*t - t**3 - 3*t. Calculate j(-5).
-3
Let h(i) be the second derivative of -1/360*i**6 + 0 - 1/12*i**4 + 0*i**2 + 0*i**3 + 1/60*i**5 + 4*i. Let w(z) be the third derivative of h(z). Calculate w(-3).
8
Let q(f) = f + 4. Let h be (-51)/(-12) + (-2)/8. Let t(d) = h*d + 0*d**2 + 2 - d**3 + d**2 - 1. Let v be t(3). What is q(v)?
-1
Suppose 4*j - 21 - 9 = 2*v, -2*j = -4*v. Suppose 5*o - 17 = 3*f + o, -o = 4*f + j. Let c(h) = -h**2 - 1. Determine c(f).
-10
Let f(k) = 2*k - 3. Let v be 2/6*(-60)/(-4). Suppose -v*h - 2*j - 12 = 13, j + 11 = -2*h. Calculate f(h).
-9
Let j be (6/9)/(160/12). Let s(h) be the second derivative of -h + j*h**5 + 0 + 3/2*h**2 + 1/4*h**4 + 2/3*h**3. What is s(-2)?
-1
Suppose 5*b = 55 + 45. Suppose 0*a - 6 = -3*a. Suppose m = g + 7, a*g - 2*m + b = 2*m. Let i(l) = -l**2 - 3*l - 4. Determine i(g).
-8
Suppose 5*x = -0*x - 455. Let z be x/(-14) + 1/(-2). Let q(m) = -m**2 + 8*m - 9. Determine q(z).
3
Let s(w) = w + 5. Let d(g) = -5*g**3 - 2*g**2 - 2*g - 1. Suppose 6*v = 2*v - 4. Let h be d(v). What is s(h)?
9
Suppose 19*x - 27*x = 40. Let z(q) = q**3 + 6*q**2 + 5*q + 1. Calculate z(x).
1
Let v(h) = h**3 - 7*h**2 - h - 1. Let r(w) = -w**3 + 8*w**2. Let b(p) = -3*r(p) - 4*v(p). Let q be 16/3 + 3/(-9). Let j be (0 - 0) + q + 0. Calculate b(j).
-1
Suppose -5 = 2*g - 2*v - 35, 0 = 3*g + v - 25. Let t = g - 12. Let z(o) = -o**2 + 2*o + 1. Give z(t).
-7
Let h(w) = -2*w**2 + w. Suppose 6 = 2*o + 3*v, 0*o + v - 28 = -5*o. Let x be (-2)/3*9/o. Give h(x).
-3
Let r = 1 - 2. Let y be r + 1 + 5 + 0. Let s(l) = 4 + 3*l - 3*l**2 + 6*l - 5*l + 2*l**2. Calculate s(y).
-1
Suppose -7*g = -15*g + 48. Let j(x) = -3*x**2 + 4*x + 1. Let t(d) = 4*d**2 - 3*d - 2. Let w(q) = -3*j(q) - 2*t(q). Give w(g).
1
Let y be 0/(1 + (-3)/1). Let p(d) = -d**3 + y*d**3 + d + 16 + 3*d**2 - 11. Determine p(4).
-7
Let g(d) = -d**2 + 4*d - 3. Let k = -2 + 2. Let m = 4 + k. Give g(m).
-3
Let u(i) = -i - 1. Suppose -q = 3*h + 3*q - 57, -6 = -2*q. Suppose 5*n + 5*w = -h, -2*n - w = 4*w. Determine u(n).
4
Let l be 0/(2/(-2) + 0). Let k(p) = -p**3 + 7*p**2 + 9*p - 7. Let a be k(8). Let q(m) = 4 - m**3 - 3 + m + a. What is q(l)?
2
Let r(k) = k**2 + 11*k - 4. Let f be r(-11). Suppose 2*x - 4 = -t, x - 1 = -2*t - 5. Let h(p) = 3*p - 3 + 4 + x. Give h(f).
-7
Let q(j) = -3*j + 5. Let k(h) = h + 10. Let w be k(-8). Suppose -w*r + 4 + 0 = 0. Suppose -4*u - 2*c = -18, -4*u = -c - r*c - 13. Give q(u).
-7
Let w = -1 - -1. Let o(q) be the first derivative of -q**5/60 - q**3/3 + 2*q**2 + 2. Let i(b) be the second derivative of o(b). Determine i(w).
-2
Let l(f) = -f - 1. Suppose -25 + 2 = -5*u + s, 3*s = -u - 5. Let b be l(u). Let z(i) = -i**2 - 6*i - 6. Determine z(b).
-1
Let a be 2 + (1 + -1)*1. Let p(v) = 7 - 2*v + 7 - v**a - 13. What is p(-4)?
-7
Let i = 17 + -19. Let g(r) = -r**3 - 2*r**2 + r + 2. Determine g(i).
0
Let n(j) be the first derivative of -j**3/3 - j**2/2 + 76. Give n(-4).
-12
Let d = 5 - 3. Suppose 0*i + 2 = -d*i. Let o(c) = 4*c**2. Give o(i).
4
Let s(l) = -l + 3. Let b = 4 - 7. Let c = 0 - b. What is s(c)?
0
Let g(b) = -3*b**2 + b + 4. Let p(j) = j**2 - j. Let c(t) = -g(t) - 2*p(t). Let v = -6 + 2. Calculate c(v).
8
Let h(a) = 16*a - 12*a + a**3 - 3*a - 3. Calculate h(0).
-3
Suppose -4*f = 5*x - 0 + 7, 15 = -5*x. Let l(o) = -o**3 + 2*o - 3. Determine l(f).
-7
Let i = -22 - -23. Let m(u) = 72*u**2 - 74*u**2 - i - 1 - 4*u. Determine m(-2).
-2
Let l(k) be the second derivative of -k**3/6 - 7*k**2/2 + 7*k. What is l(-7)?
0
Let q(b) = -4*b + 4. Let f(z) = -5*z + 5. Suppose 2*v + 14 = 2*p + 3*p, -2*p = -5*v + 7. Let l(u) = p*q(u) - 3*f(u). What is l(1)?
0
Let j(d) be the second derivative of d**3/6 - 7*d. Let m(h) = -7*h - 2. Let f(y) = 2*j(y) + m(y). Calculate f(-2).
8
Let s(d) = d**3 + d - 1. Let g = -9 + 11. Determine s(g).
9
Let l(a) = -a**3 + a**2 - 3*a**2 - 10 + 6 - 2*a**2 + 2*a. Suppose -2*p - 14 + 4 = 0. Determine l(p).
11
Suppose 2*f - 2*w + w = -9, -2*f + 3 = 3*w. Let h(z) = 3*z**3 + 2 - 3*z**3 + z + 2*z**2 + z**3. What is h(f)?
-10
Let b(o) = -o - 8. Let f(t) = -t - 6. Let l(v) = v + 5. Let r(w) = -5*f(w) - 6*l(w). Let p be r(4). Let d be (-45)/6*p/(-6). Calculate b(d).
-3
Let m(p) = 4*p - 1. Let r(u) = 1 + 5*u - 2 - 1. Let t(g) = 4*m(g) - 3*r(g). Suppose w + 0*w = -4. Give t(w).
-2
Suppose 0 = 13*x - 81 + 3. Let u(v) = -v + 4. Determine u(x).
-2
Suppose 3*s - 27 = -h, 0 = 5*s - 0*s + 5. Suppose -3*r + 5*m - h = 0, -r - r = 3*m + 1. Let f(t) = -t**3 - 4*t**2 + 5*t + 2. Give f(r).
2
Suppose 7*l - 2*l - 40 = 0. Let x(u) = 4*u - 12. Let m be x(l). Suppose -5 - m = 5*n. Let b(i) = -i**2 - 2*i + 7. Give b(n).
-8
Suppose -5*b + 27 = 4*i, 6*i - 6 = 4*i. Let v(q) be the first derivative of 0*q - 1/2*q**2 + 7/3*q**b - 2. Calculate v(-1).
8
Let b(d) = 2*d + 1. Suppose l - q = 3, -3*l + q + 5 + 0 = 0. Give b(l).
3
Suppose -2*b + 2*o + 2 = 0, 7 = 2*b + 4*o - 7. Let f(c) = -2 + c**2 + 3 + 4 - 1 + c**b - c. Suppose 3*i - 1 = -s, i + 0*i + s = 1. Give f(i).
4
Let b(m) = -m**2 + 4*m + 1. Let d(q) = 2*q**2 - 8*q - 1. Let n(x) = -5*b(x) - 2*d(x). Calculate n(-2).
9
Let k(u) = u**2 - 7*u + 6. Let r(y) = -y + 8. Let g be r(3). Determine k(g).
-4
Let r = 0 - -14. Suppose r = -2*c - 4*h - 0*h, 22 = 4*c - 2*h. Let a(j) = -2*j**2 + 3*j + 3. Determine a(c).
-6
Let x(r) = 2*r**2 + 6*r + 2. Suppose -5*v - 10 = 10. Calculate x(v).
10
Suppose -4*z + 2*z = 0. Suppose z*u - 16 = 4*u. Let p(t) = -t**3 - 4*t**2 + 3*t + 2. Give p(u).
-10
Let k(g) = -6*g**2 + 2*g**3 + 6*g**3 - 12*g**3 + 3*g + 6 + 5*g**3. Suppose z - 1 - 4 = 0. Give k(z).
-4
Let j be 2/(-3)*(2 - -1). Suppose 2*z + 5*q - 10 = 0, 24 = -4*z + 4*q - 3*q. Let r = j - z. Let v(p) = -3*p + 1. What is v(r)?
-8
Suppose